{"version":"1.0","provider_name":"Prius Abogados","provider_url":"https:\/\/www.priusabogados.es\/fi\/","author_name":"Editor","author_url":"https:\/\/www.priusabogados.es\/fi\/author\/editor\/","title":"Nyt on oikea aika lahjoittaa! - Prius Abogados","type":"rich","width":600,"height":338,"html":"<blockquote class=\"wp-embedded-content\" data-secret=\"idzCjKeffV\"><a href=\"https:\/\/www.priusabogados.es\/fi\/nyt-on-oikea-aika-lahjoittaa\/\">Nyt on oikea aika lahjoittaa!<\/a><\/blockquote><iframe sandbox=\"allow-scripts\" security=\"restricted\" src=\"https:\/\/www.priusabogados.es\/fi\/nyt-on-oikea-aika-lahjoittaa\/embed\/#?secret=idzCjKeffV\" width=\"600\" height=\"338\" title=\"&#8221;Nyt on oikea aika lahjoittaa!&#8221; &#8212; Prius Abogados\" data-secret=\"idzCjKeffV\" frameborder=\"0\" marginwidth=\"0\" marginheight=\"0\" scrolling=\"no\" class=\"wp-embedded-content\"><\/iframe><script type=\"text\/javascript\">\n\/*! This file is auto-generated *\/\n!function(c,d){\"use strict\";var e=!1,o=!1;if(d.querySelector)if(c.addEventListener)e=!0;if(c.wp=c.wp||{},c.wp.receiveEmbedMessage);else if(c.wp.receiveEmbedMessage=function(e){var t=e.data;if(!t);else if(!(t.secret||t.message||t.value));else if(\/[^a-zA-Z0-9]\/.test(t.secret));else{for(var r,s,a,i=d.querySelectorAll('iframe[data-secret=\"'+t.secret+'\"]'),n=d.querySelectorAll('blockquote[data-secret=\"'+t.secret+'\"]'),o=new RegExp(\"^https?:$\",\"i\"),l=0;l<n.length;l++)n[l].style.display=\"none\";for(l=0;l<i.length;l++)if(r=i[l],e.source!==r.contentWindow);else{if(r.removeAttribute(\"style\"),\"height\"===t.message){if(1e3<(s=parseInt(t.value,10)))s=1e3;else if(~~s<200)s=200;r.height=s}if(\"link\"===t.message)if(s=d.createElement(\"a\"),a=d.createElement(\"a\"),s.href=r.getAttribute(\"src\"),a.href=t.value,!o.test(a.protocol));else if(a.host===s.host)if(d.activeElement===r)c.top.location.href=t.value}}},e)c.addEventListener(\"message\",c.wp.receiveEmbedMessage,!1),d.addEventListener(\"DOMContentLoaded\",t,!1),c.addEventListener(\"load\",t,!1);function t(){if(o);else{o=!0;for(var e,t,r,s=-1!==navigator.appVersion.indexOf(\"MSIE 10\"),a=!!navigator.userAgent.match(\/Trident.*rv:11\\.\/),i=d.querySelectorAll(\"iframe.wp-embedded-content\"),n=0;n<i.length;n++){if(!(r=(t=i[n]).getAttribute(\"data-secret\")))r=Math.random().toString(36).substr(2,10),t.src+=\"#?secret=\"+r,t.setAttribute(\"data-secret\",r);if(s||a)(e=t.cloneNode(!0)).removeAttribute(\"security\"),t.parentNode.replaceChild(e,t);t.contentWindow.postMessage({message:\"ready\",secret:r},\"*\")}}}}(window,document);\n<\/script>\n","thumbnail_url":"https:\/\/www.priusabogados.es\/wp-content\/uploads\/2020\/12\/money-652560_1280.jpg","thumbnail_width":1280,"thumbnail_height":1067,"description":"Vuodesta 2018 l\u00e4htien Andalusia samaistui muihin Espanjan itsehallintoalueisiin perint\u00f6- ja lahjaveroituksen osalta. Uusi Andalusian maakuntahallitus pudotti n\u00e4it\u00e4 veroja 99%, silloin kun kyseess\u00e4 on suorassa linjassa olevat sukulaiset, eli isovanhemmilta lapsenlapsille, vanhemmilta lapsille tai aviopuolisoiden kesken. Perinn\u00f6t ja lahjoitukset sisarusten tai muiden sukulaisten \u00a0v\u00e4lill\u00e4 eiv\u00e4t kuulu t\u00e4h\u00e4n kategoriaan. T\u00e4m\u00e4 verouudistus kehyst\u00e4\u00e4 kansallisen liberaalipuolueen ja konservatiivien ideologiaa,..."}

Vuodesta 2018 lähtien Andalusia samaistui muihin Espanjan itsehallintoalueisiin perintö- ja lahjaveroituksen osalta. Uusi Andalusian maakuntahallitus pudotti näitä veroja 99%, silloin kun kyseessä on suorassa linjassa olevat sukulaiset, eli isovanhemmilta lapsenlapsille, vanhemmilta lapsille tai aviopuolisoiden kesken. Perinnöt ja lahjoitukset sisarusten tai muiden sukulaisten  välillä eivät kuulu tähän kategoriaan. Tämä verouudistus kehystää kansallisen liberaalipuolueen ja konservatiivien ideologiaa,...
